*q - 127 = 78*q, -a + 31 = 4*q. Suppose -11 = -3*i - 2. Suppose -a = -i*p - 45. Let t(c) = 4*c**2 + 2*c - 2. Give t(p).
10
Let j(v) = 6*v**2 + 6*v - 43. Let l(k) = 7*k**2 + 9*k - 42. Let o(t) = -8*j(t) + 7*l(t). Determine o(-5).
0
Suppose 0 = 20*g + 284*g + 1520. Let q(t) = -4 - 3 + 8*t - t**3 - 6*t - 5*t**2. Give q(g).
-17
Let s(v) = 2*v**3 - 6*v**2 - 37*v - 3. Let d be ((-45)/(-50))/((-90)/(-600)). Calculate s(d).
-9
Let p(x) = 3*x + 20*x**2 + 5 - 10*x**2 - x**3 - 7*x**2 - 2*x**2 - 2*x. Let s(q) = -q**3 + 4*q**2 + 4*q + 5. Let m = -2 - -7. Let g be s(m). Give p(g).
5
Let t(g) be the second derivative of g**5/10 - 13*g**4/12 + 5*g**3/6 - g**2/2 + 389*g. Determine t(6).
-7
Let n(q) = -234*q + 201. Let g(x) = 58*x - 1. Let y(s) = 4*g(s) + n(s). Calculate y(0).
197
Let p be 13/52 + (530/8)/(-1). Let v be 0 - (-4 - -7) - p. Let k(b) = 59 + v - 2*b - 133. Determine k(-9).
7
Let f(p) = -20 + 17 + 22 - 165*p + 168*p + 26. Give f(-13).
6
Let p(z) = z**3 + 82*z**2 + 87*z + 471. Let x be p(-81). Let u(i) = -25*i - 381. Determine u(x).
-6
Let b be (0 - (-10)/(-75)) + 610/75. Let q(x) = x**2 + 5*x**2 - b*x - 5*x**2 + 0*x**2 - 3. Let p(h) = h**3 + 4*h**2 - 3*h - 5. Let c be p(-4). Determine q(c).
-10
Let t be -2*(-1 + 3)*5/(-2). Let j(l) = l**3 - 12*l**2 - 2*l + 3. Let k(z) = 4*z**3 - 49*z**2 - 9*z + 11. Let p(r) = -9*j(r) + 2*k(r). Calculate p(t).
-5
Suppose -g - 3 + 4 = 0. Let w(j) = j**2 + 12*j - 30. Let l(n) = -n**2 - 10*n + 25. Let v(t) = 6*l(t) + 5*w(t). Determine v(g).
-1
Let v(f) = 6*f - 19 + 2990*f**2 - 1495*f**2 - 1494*f**2. Calculate v(4).
21
Let q = 1 - 0. Let s(t) = 32*t**2 + 4*t + 15. Let b(h) = -64*h**2 - 10*h - 38. Let d(n) = 2*b(n) + 5*s(n). Determine d(q).
31
Let y be 1 + 11/2 - 3/2. Suppose u + y - 3 = 0. Let h(x) = 0*x**2 - 1 - x**3 - x + 2*x**2 + 2*x**3. What is h(u)?
1
Let m = 3540 - 3534. Let b(l) = -l**2 + 6*l + 19. Calculate b(m).
19
Suppose 2*a - 4*a = -4*q + 194, -3*q + 4*a = -148. Suppose -z = n - 3*z - 10, -4*n + 4*z + q = 0. Let o = 11 - n. Let y(v) = -v**2 - 2*v - 4. Determine y(o).
-7
Suppose -5*b = 5*a - 5 - 10, 2*b = -4. Suppose -3*j + 4*n = 2*j - 66, 2*n = a*j - 58. Let p(z) = 6*z - 10 + z + j + 5 - z**2. What is p(7)?
5
Suppose -3*k + 1119 = -0*p + 3*p, -p = 4*k - 379. Let o = p - 368. Let s(t) = -t**2 + t - 2. Determine s(o).
-8
Suppose 4*a + 2*d - 20 - 2 = 0, 4*a = 2*d + 10. Suppose -3*h - v = 37 - 14, a*v - 20 = 2*h. Let r(g) = -g**3 - 7*g**2 + 7*g + 7. Calculate r(h).
15
Let o(d) = 16*d + 263. Let m be o(-18). Let b(t) = -2*t - 50. Determine b(m).
0
Let p(a) = -8*a + a**3 + 3*a**3 - 17 - 11*a**2 - 20*a**3 + 12*a**3 + 5*a**3. Determine p(12).
31
Suppose -20*f + 95 = -145. Let w be (-39)/52 + (-3)/f. Let n(j) = 28*j**2 + 1. Calculate n(w).
29
Let h = 580951/30 + -19365. Let b(p) be the third derivative of -1/24*p**4 + 0*p**3 + h*p**5 + 0*p + 0 + 31*p**2. What is b(1)?
1
Suppose 46*h = 52*h - 378. Let r(c) = 116*c - h*c - 58*c + 3. Give r(-5).
28
Let l(v) be the second derivative of 1/12*v**5 + 0 - 3*v**3 + 2*v - 1/360*v**6 - 1/2*v**4 + 0*v**2. Let g(i) be the second derivative of l(i). Give g(9).
-3
Let g(n) = -3*n + 56. Suppose 5*t - 16 = -2*p + 18, -2*t = -3*p + 51. Let z be g(p). Let k(j) = z*j + 10 - 5*j**2 - 9 + 4*j**2. What is k(7)?
-13
Let m(a) be the second derivative of a**4/12 + 2*a**3 + 11*a**2/2 - 1041*a. What is m(-10)?
-9
Let o(a) = 43*a**2 + 81*a + 134. Let y(g) = 25*g**2 + 46*g + 77. Let w(t) = -11*o(t) + 19*y(t). Calculate w(11).
44
Let j be 3/2 - (-399)/(-114). Let d(q) = -2*q**2 + 4*q + 6. Calculate d(j).
-10
Let k(b) = b**2 + 67*b - 54. Let f be k(-68). Let g(i) = -i**2 + 19*i - 36. Determine g(f).
34
Let i(p) = -p**3 - 6*p**2 - 8*p - 13. Let q be i(-5). Let w(t) = -121*t**2 + 0 - 3*t + 129*t**q - 2 + 0. What is w(-2)?
36
Let i = -3341 + 3355. Let x(b) = b - 19. Determine x(i).
-5
Let b(c) = -c**3 - 32*c**2 + 30*c - 95. Let d be b(-33). Let f(l) = -27 - 32 + 85 - 27 - d*l. Give f(-7).
27
Let b(g) = 247*g**2 + 51*g - 13. Let n(u) = 1296*u**2 + 258*u - 66. Let s(w) = -21*b(w) + 4*n(w). Calculate s(-14).
-33
Let u(d) = -1470930*d + d**2 + 1470939*d - 2 - 2. Give u(-9).
-4
Let q(r) be the second derivative of -r**5/20 - 5*r**4/4 + 5*r**3/2 - 11*r**2 + 7948*r. What is q(-16)?
-6
Let q be (-505)/(-2525) + 2/(-10). Let i(a) be the first derivative of -a**3/3 + 2*a - 1. Determine i(q).
2
Let h be (15/(-9))/((-3)/9). Suppose 0 = -h*q + 5*t - 10, 3*q - 4*t - 26 = -9*t. Let y(u) = -750 + 33*u**2 + 751 - 3*u - 32*u**2. Give y(q).
-1
Let f(r) = -r - 32. Let q(i) = -1. Let d(x) = -f(x) - 3*q(x). Give d(-31).
4
Let w = -87 - -89. Suppose w*b - 6 = -2. Let z(n) = -n**2 + 2*n**2 - 3 + b - 2*n**2. Determine z(-2).
-5
Let d(k) = k**3 + 32*k**2 + 117*k + 132. Let n be d(-28). Let o(v) = -v**3 - 10*v**2 - 12*v + 5. Calculate o(n).
-27
Let p(a) = 10*a**3 + a**2 - 1. Suppose -2*f - 197 = -209. Suppose 0*s - f = 6*s. Calculate p(s).
-10
Let p(m) = 2*m + 6. Let l be (10/(-6))/((-1)/(-3)). Let s(w) be the second derivative of -w**2/2 - 116*w + 1. Let v(u) = l*s(u) - p(u). What is v(3)?
-7
Let g(s) = 2*s**3 - 95*s**2 - 146*s - 45. Let o be g(49). Let r(l) = -l**3 + 5*l**2 - 3*l - 7. Calculate r(o).
-3
Let q be ((-4)/(-6))/(3*2/378). Let f be (-3)/(3/q*6). Let r(h) = -2*h**2 - 9*h + 6. Determine r(f).
-29
Let z(x) = -3*x + 6. Let u = 769 - 767. Suppose -2*b - 4*c - 13 - 1 = 0, 2*c - u = -4*b. Give z(b).
-3
Let x(v) = 26*v**2 - 70*v**2 - v**3 + 40 + 5*v + 32*v**2 + 4*v**2. Give x(-8).
0
Let g(z) = -2*z**3 + 5*z**2 - 7. Let u(p) = p**3 + 7*p + 2*p**3 + 12 - 4*p - 3*p - 11*p**2. Let t(o) = -5*g(o) - 3*u(o). Determine t(-8).
-1
Suppose -2*d - n = 3*d - 97, -5*d = 2*n - 94. Let o(g) = -g + d + 2*g**2 - g**3 - 20. Suppose -3*b = -3*l - 0*b + 15, l + 5*b + 19 = 0. Calculate o(l).
0
Let i(g) be the first derivative of 45*g + g**2 - 59 - 46*g - 5*g**3 + 5*g**3 + 2*g**4. Calculate i(1).
9
Let y(v) be the second derivative of -v**5/40 - v**4/8 + 29*v**3/6 + v - 7. Let i(f) be the second derivative of y(f). Give i(2).
-9
Let c(h) = -6*h**3 - 46*h**2 + 18*h + 1. Suppose 25*k + 2 = 26*k + 5*j, -j = -5*k - 42. Give c(k).
-15
Let y = 47 - 43. Suppose -26 = -y*x - 3*f, -5*x = 4*f + 1 - 33. Let i(s) = s**3 - 9*s**2 + 9*s - 7. Give i(x).
1
Let o be (-356)/(-267)*(16 + ((-5)/2)/(-5)). Let b(u) = u - 22. What is b(o)?
0
Let c(d) = -4*d + 7. Let o be (-51)/24*-4*1*2. Suppose -o*f + 28*f = 44. Give c(f).
-9
Let s(d) = -15*d - 22 - 22 - 24 - 19 + 85. Calculate s(-3).
43
Let m(d) = d**3 + 2*d**2 + d + 2. Suppose 5*i = 372 + 563. Let n = i - 190. Give m(n).
-10
Let b(j) = 2*j + j - 2*j - 6*j - 2. Let g be 1*3*(-16)/(-24). Calculate b(g).
-12
Let k(h) = 2*h**2 + 18*h + 58. Let n be k(-6). Let c(q) = n + q**2 - 63 + 6*q + 33. What is c(-6)?
-8
Let h(k) = 89*k - 14. Let m(u) = 284*u - 44. Let v(g) = 16*h(g) - 5*m(g). What is v(-4)?
-20
Let f(o) = -7*o**2 - 43*o - 54. Let z(m) = 2*m**2 + 3*m - 4. Let c(i) = -2*f(i) - 6*z(i). Determine c(-32).
4
Let k(o) = -o**3 + 7*o**2 + 7*o + 6. Suppose 0 = 7*h + 171 + 18. Let v = h - -35. Calculate k(v).
-2
Let k(t) = t**2 - 2*t + 4. Let a be k(2). Suppose x = a*x + 30. Let m be (-2)/((16/x)/4). Let w(u) = -u - 1. What is w(m)?
-6
Let i(j) = j - 5. Let w be i(8). Suppose 3*q + 3*f = -15, 4*q - 2*f - w*f - 25 = 0. Suppose 2*k - v + 2*v + 4 = q, 2*v = -3*k - 5. Let a(m) = -m - 4. Give a(k).
-1
Let a(d) = -10*d + 7. Let b be a(-1). Suppose 21 = 5*o - 4*g, 0 = -3*o + g - 6*g - b. Let j(h) = 7*h - 1. Calculate j(o).
6
Let w(v) be the first derivative of -3/2*v**2 + 0*v + 3. Suppose -5*q = 3*a - 1 - 12, -a - 5*q = -1. Give w(a).
-18
Let y(k) = -3*k - 4. Suppose -3*b + 49 = 43*a - 41*a, 62 = 4*b + a. Let q(f) = 15*f - 229. Let l be q(b). Determine y(l).
8
Let d = 16654 - 16652. Let v(m) = -m**3 - 2*m**2 - m + 5. Determine v(d).
-13
Let f(d) = d**3 - 7*d**2 + 4*d + 7. Suppose 0 = -3*r + 7 - 1. Suppose r*v = 7*v. Suppose w = 5*q - 28, v = 3*q - 3*w - 2 - 10. Calculate f(q).
-5
Suppose 3 = -p, -8*t + 22*p - 18*p = 4. Let v(a) be the second derivative of 4*a**3/3 + a**2/2 - a. Calculate v(t).
-15
Let n(l) be the third derivative of -l**4/12 + 5*l**3/3 - 2048*l**2 + 2*l. Give n(13).
-16
Let c(b) = 9*b**2 + 318*b + 97. Let h be c(-35). Let i(t) = t**2 + 5*t + 9. Determine i(h).
33
Let m(k) be the third derivative of -k**6/6 - 